
Let q(c) = 1462*c - 11683. Determine q(8).
13
Let j(w) = 329*w - 11. Determine j(0).
-11
Let i(v) = v**2 + 13*v - 1684. What is i(-48)?
-4
Let c(f) = -f**3 - 16*f**2 - 219*f - 3506. What is c(-16)?
-2
Let w(z) = 4*z**2 - 46*z + 263. Give w(5).
133
Let v(f) = 2*f**2 + 4*f - 1. Determine v(-2).
-1
Let l(m) = -3*m**3 - 154*m**2 - 50*m + 90. Give l(-51).
39
Let h(n) = 8*n - 657. Give h(74).
-65
Let v(t) = 59*t**2 - 67*t + 116. Give v(2).
218
Let k(i) = -i**2 - 58*i - 225. Calculate k(-56).
-113
Let f(p) = -3574*p + 17862. Calculate f(5).
-8
Let w(a) = a**3 + 16*a**2 - 128*a + 316. What is w(-22)?
228
Let g(i) = i**3 - 5*i**2 - 37*i + 170. Give g(4).
6
Let s(d) = 174*d + 141. What is s(-1)?
-33
Let a(m) = 294*m - 29112. Calculate a(99).
-6
Let l(t) = -7*t**2 + 64*t + 23. Give l(14).
-453
Let w(q) = -2*q**3 + 10*q**2 - 8*q + 1. Give w(4).
1
Let t(u) = u**3 + 8*u**2 - 50*u - 278. Calculate t(-8).
122
Let p(q) = 236*q - 3073. Determine p(13).
-5
Let a(t) = -17*t + 819. Give a(48).
3
Let n(l) = 3*l**3 - 36*l**2 + 59*l + 4. What is n(2)?
2
Let y(w) = -137*w - 1582. Calculate y(-12).
62
Let n(c) = 3*c**2 + 76*c + 78. Calculate n(-18).
-318
Let u(g) = -35*g + 2476. Determine u(71).
-9
Let i(l) = 11*l**3 + 7*l**2 - l - 4. Calculate i(-1).
-7
Let z(n) = 127*n + 2888. Give z(-25).
-287
Let f(o) = -12*o**2 + 1318*o + 201. Give f(110).
-19
Let l(q) = 408*q + 1217. Calculate l(-3).
-7
Let z(f) = -f**3 + f**2 + 8*f + 8. Give z(-1).
2
Let f(y) = 866*y - 48499. Give f(56).
-3
Let t(c) = -c**2 + 9*c - 12. Determine t(2).
2
Let f(i) = 2*i**3 - 180*i**2 - 3*i + 268. Give f(90).
-2
Let p(n) = -6*n**3 - n**2 + 7*n - 10. Give p(3).
-160
Let b(q) = -40*q + 198. What is b(11)?
-242
Let v(h) = 22*h - 563. Determine v(24).
-35
Let t(v) = v**3 + 9*v**2 - 222*v + 25. Calculate t(11).
3
Let v(w) = w**3 - 26*w**2 - 59*w + 103. What is v(28)?
19
Let y(m) = -m**2 - 66*m - 342. Determine y(-60).
18
Let v(f) = 3*f**3 - 143*f - 267. Give v(-2).
-5
Let w(i) = -34*i**3 - 3*i**2 - i + 6. What is w(-2)?
268
Let k(m) = -2*m**3 + 31*m**2 - 52*m - 18. What is k(14)?
-158
Let u(v) = -7*v**3 + 181*v**2 - 458*v - 44. Determine u(23).
2
Let r(t) = t**3 - 17*t**2 + 23*t - 256. Give r(14).
-522
Let j(z) = z**3 - 78*z**2 + 375*z - 741. Give j(73).
-11
Let a(r) = 60*r - 425. Determine a(8).
55
Let o(a) = -3*a**2 - 106*a + 67. Give o(-36).
-5
Let m(p) = -2*p**2 + 257*p + 95. Give m(129).
-34
Let h(m) = m**2 + 6*m - 84. What is h(-12)?
-12
Let d(x) = -349*x + 56521. Give d(162).
-17
Let s(o) = o**2 + 140*o + 4860. Calculate s(-75).
-15
Let x(g) = g**3 - 60*g**2 + 679*g - 183. Determine x(45).
-3
Let j(w) = w**2 - 8*w - 87. Give j(-7).
18
Let q(u) = -u**2 + 19*u - 71. Calculate q(21).
-113
Let a(b) = 2219*b + 51040. Determine a(-23).
3
Let n(w) = 109*w - 622. Determine n(9).
359
Let b(w) = 1884*w + 7522. Calculate b(-4).
-14
Let g(a) = a**3 - 27*a**2 + 109*a + 30. What is g(21)?
-327
Let g(x) = -3*x**2 + 38*x - 195. Calculate g(5).
-80
Let u(v) = -2*v**2 + 11*v - 6. What is u(3)?
9
Let y(v) = 2*v**2 - 44*v - 162. Calculate y(25).
-12
Let u(j) = -2*j**2 + 442*j - 1781. What is u(4)?
-45
Let w(g) = -5*g**3 + 17*g + 38. Calculate w(-3).
122
Let q(p) = 1309*p - 27478. Give q(21).
11
Let a(h) = h**2 + 49*h + 26. Determine a(-52).
182
Let a(q) = 635*q - 12. Calculate a(0).
-12
Let p(c) = -833*c - 221580. Calculate p(-266).
-2
Let j(p) = 3*p**2 + 153*p - 116. Give j(-53).
202
Let a(g) = -2*g - 6. Determine a(5).
-16
Let f(i) = 10*i**2 - i + 42. Give f(4).
198
Let z(x) = 2*x**3 - x**2 + 5*x - 6. Calculate z(1).
0
Let r(i) = -3*i**3 + 8*i**2 + 4*i - 10. Determine r(3).
-7
Let n(q) = -110*q + 4268. Determine n(39).
-22
Let d(a) = 7*a**2 - 21*a - 51. What is d(-5)?
229
Let g(r) = -14*r**3 - 3*r**2 - 5*r + 11. Calculate g(2).
-123
Let o(a) = a**3 + 33*a**2 - 67*a - 26. Give o(-35).
-131
Let i(q) = 5*q**2 - 178*q + 542. What is i(3)?
53
Let d(q) = -156*q**3 + q**2 - 4*q + 3. Calculate d(1).
-156
Let n(i) = -4*i**3 - 3*i**2 - 3*i + 3. Determine n(-2).
29
Let n(t) = -419*t - 1129. Give n(-3).
128
Let k(l) = 2*l**2 + 56*l + 182. Calculate k(-3).
32
Let s(p) = p**3 - 107*p**2 - 113*p + 547. Determine s(108).
7
Let f(x) = -2*x**2 - 531*x - 14549. Calculate f(-31).
-10
Let x(d) = 2*d**2 + 24*d + 34. Give x(-16).
162
Let a(c) = -5*c**3 - 55*c**2 - 3*c - 46. Determine a(-11).
-13
Let m(b) = -30*b - 576. Calculate m(-21).
54
Let o(t) = t**2 - 24*t + 77. Give o(21).
14
Let a(o) = o**3 + 3*o**2 + 2*o + 35. Calculate a(-5).
-25
Let u(c) = -c**3 + 7*c**2 - 6*c - 15. Calculate u(-2).
33
Let i(z) = -71*z**3 - z**2 - 7*z + 27. Calculate i(2).
-559
Let c(x) = x**3 + 65*x**2 - 99*x - 2329. Calculate c(-66).
-151
Let o(t) = 1292*t - 20584. What is o(16)?
88
Let r(b) = 8*b**2 + 10*b - 24. Determine r(4).
144
Let s(u) = -218*u**3 - 3*u - 3. What is s(-1)?
218
Let j(t) = 33*t**2 + 205*t + 42. Calculate j(-6).
0
Let r(b) = 2*b**2 - 55*b - 1169. Determine r(-14).
-7
Let y(m) = 32*m**2 + 1055*m - 70. Determine y(-33).
-37
Let t(a) = a**2 - 38*a + 276. What is t(9)?
15
Let z(p) = 2*p**3 - 48*p**2 + 146*p + 46. Calculate z(21).
466
Let k(v) = -2*v**3 - 28*v**2 + 18*v - 170. Calculate k(-15).
10
Let h(k) = 22*k - 191. Calculate h(8).
-15
Let j(y) = -y**2 + 92*y + 2112. Calculate j(-19).
3
Let v(m) = -21*m + 58. Calculate v(-16).
394
Let s(i) = i**3 + 4*i**2 + 3*i + 7. What is s(0)?
7
Let d(v) = -5*v**2 + 1129*v - 3112. Determine d(223).
10
Let s(l) = l**2 - 27*l + 136. Determine s(18).
-26
Let f(k) = -4*k**3 - 7*k**2 - 69*k - 357. What is f(-5)?
313
Let g(o) = 2*o**3 + 5*o**2 + 25*o + 47. Calculate g(-2).
1
Let p(m) = 2*m**2 + 18*m + 18. Calculate p(-11).
62
Let x(s) = s**3 + 11*s**2 + 78*s + 681. What is x(-10)?
1
Let u(j) = j**2 + 25*j - 749. Give u(-44).
87
Let s(g) = 556*g - 38381. Determine s(69).
-17
Let v(f) = 3*f**2 + 31*f + 5. What is v(-10)?
-5
Let o(a) = -a**2 + 117*a - 20. Calculate o(0).
-20
Let f(w) = -151*w - 307. Give f(-5).
448
Let o(m) = -2*m**3 + 29*m**2 - 27*m + 173. Determine o(14).
-9
Let l(j) = 3*j**3 + 16*j**2 - 66*j - 60. Calculate l(-6).
264
Let v(m) = 866*m - 21636. Calculate v(25).
14
Let i(n) = -n**3 + 17*n**2 - 55*n + 8. Calculate i(6).
74
Let n(s) = -12*s + 99. Determine n(-6).
171
Let w(f) = -f**3 + 26*f**2 - 114*f - 119. Give w(20).
1
Let y(k) = k**2 + 3*k - 637. Determine y(-21).
-259
Let h(k) = -k**2 + 65*k + 521. What is h(-7)?
17
Let z(y) = -y**3 + 7*y**2 - 2*y - 16. Give z(7).
-30
Let a(r) = -r**3 + 36*r**2 - 46*r + 79. Calculate a(35).
-306
Let s(t) = 189*t - 2635. Give s(12).
-367
Let a(h) = 11*h**2 + 12*h + 36. What is a(-5)?
251
Let f(o) = o**3 + 16*o**2 + o - 4. Give f(-16).
-20
Let v(h) = h**3 - 6*h**2 + 11*h - 73. Determine v(6).
-7
Let w(j) = j**3 - 13*j**2 + 102*j - 553. Give w(9).
41
Let u(s) = s**3 + 18*s**2 + 16*s - 22. Determine u(-17).
-5
Let a(s) = s**3 + 21*s**2 + 20*s + 16. What is a(-20)?
16
Let z(w) = 196*w + 21190. Determine z(-108).
22
Let l(h) = -2*h**3 - 2*h**2 + 44*h + 80. Calculate l(5).
0
Let d(l) = 2*l**3 - 22*l**2 - 118*l - 22. Calculate d(15).
8
Let d(n) = -3*n**2 - 66*n - 340. Calculate d(-8).
-4
Let n(r) = -r**2 - 159*r + 1359. Determine n(8).
23
Let c(o) = -3*o**2 + 56*o + 60. What is c(22)?
-160
Let r(a) = -a**2 - 77*a + 512. Give r(7).
-76
Let y(h) = -h**2 - 1493*h - 14878. Calculate y(-10).
-48
Let q(g) = g**2 + 257*g + 5549. What is q(-24)?
-43
Let t(p) = -120*p**2 + 6*p + 6. What is t(-1)?
-120
Let c(k) = 5*k - 410. Determine c(81).
-5
Let u(y) = -2*y**2 + 50*y - 106. Calculate u(21).
62
Let o(j) = 71*j - 8. Give o(1).
63
Let t(f) = 10*f**2 - 73*f - 142. Calculate t(9).
11
Let f(y) = -41*y + 1151. Determine f(27).
44
Let y(z) = -2*z**3 - 36*z**2 - 64*z - 1074. Calculate y(-18).
78
Let g(l) = -l**3 - 13*l**2 + 18*l + 28. Determine g(-15).
208
Let h(a) = 377*a**2 + 45237*a - 353. Give h(-120).
7
Let x(y) = 3*y**2 - 6*y + 18. Give x(-5).
123
Let n(s) = -s**3 + 14*s**2 - 243*s + 2639. What is n(12)?
11
Let o(v) = -v**2 + 57*v - 480. Determine o(9).
-48
Let w(y) = -81*y + 395. What is w(5)?
-10
Let f(r) = -164*r - 217. Calculate f(-4).
439
Let z(u) = -248*u - 1460. Give z(-6).
28
Let q(c) = -10*c + 157. Calculate q(20).
-43
Let u(z) = z**2 + 9*z - 91. Calculate u(-6).
-109
Let l(i) = -2*i**3 - 5*i**2 + 6*i - 9. Give l(-5).
86
Let k(c) = 258*c - 7992. Determine k(31)